{"id":118,"date":"2025-06-17T09:34:23","date_gmt":"2025-06-17T07:34:23","guid":{"rendered":"https:\/\/lacompagnieafacettes.fr\/?page_id=118"},"modified":"2026-01-20T00:54:54","modified_gmt":"2026-01-19T23:54:54","slug":"actions","status":"publish","type":"page","link":"https:\/\/lacompagnieafacettes.fr\/index.php\/actions\/","title":{"rendered":"Les actions culturelles"},"content":{"rendered":"\n<hr class=\"wp-block-separator alignfull has-alpha-channel-opacity\"\/>\n<div class=\"bm-builder clearfix \"><div id=\"\" class=\"module col-12 module-id-1750388683078\" data-module-col=\"12\"><div class=\"module-inside text-inside\" style=\"--top-mod: 20px;--bottom-mod: 0px;--top-mod-t: 20px;--bottom-mod-t: 0px;--top-mod-m:10px;--bottom-mod-m:0px;\" ><div class=\"text_block_out\"  data-effect=\"standard\" style=\"\"><div class=\"text_block ux-mod-nobg\"><div class=\"text_block_inn\"><div id=\"text-1750388683078\" class=\"text_block_centered text_block_centered_enable_width\"  style=\"\"><div>\n<p><em><span style=\"color: #0000ff;\">Pour que les r\u00e9flexions que nos cr\u00e9ations abordent puissent r\u00e9sonner, au-del\u00e0 m\u00eame du plateau,&nbsp;nous aimons imaginer et proposer des actions pr\u00e9ventives, r\u00e9paratrices, sociales et \u00e9ducatives, \u00e0 nos publics.<\/span><\/em><\/p>\n<\/div>\n<p>&nbsp;<\/p><\/div><\/div><\/div><\/div><\/div><\/div><div id=\"\" class=\"module col-12 module-id-1750388704283\" data-module-col=\"12\"><div class=\"module-inside divide-inside\" style=\"--top-mod: 20px;--bottom-mod: 0px;--top-mod-t: 20px;--bottom-mod-t: 0px;--top-mod-m:10px;--bottom-mod-m:0px;\" ><div class=\"sea-divide divide-line ux-mod-nobg\" ><\/div><\/div><\/div><div id=\"\" class=\"module col-12 module-id-1750388599271\" data-module-col=\"12\"><div class=\"module-inside text-inside\" style=\"--top-mod: 20px;--bottom-mod: 0px;--top-mod-t: 20px;--bottom-mod-t: 0px;--top-mod-m:10px;--bottom-mod-m:0px;\" ><div class=\"text_block_out\"  data-effect=\"standard\" style=\"\"><div class=\"text_block ux-mod-nobg\"><div class=\"text_block_inn\"><div id=\"text-1750388599271\" class=\"text_block_centered text_block_centered_enable_width\"  style=\"\"><h4><img loading=\"lazy\" decoding=\"async\" class=\"img-in-text\" src=\"http:\/\/lacompagnieafacettes.fr\/wp-content\/uploads\/2025\/06\/AFFICHE_RIGODON_2006.png\" alt=\"AFFICHE_RIGODON_2006\" width=\"252\" height=\"69\"><\/h4>\n<h4 style=\"font-weight: 400;\"><strong>Propositions autour de la pi\u00e8ce :<\/strong><\/h4>\n<p style=\"font-weight: 400;\">De nombreuses th\u00e9matiques sont abord\u00e9es : l\u2019emprise et le d\u00e9terminisme, les violences faites aux femmes, la pr\u00e9vention des f\u00e9minicides, les violences intrafamiliales, les violences sexistes et sexuelles, la protection de l\u2019enfance, donner \u00e0 voir ce qui n\u2019est pas visible, la lib\u00e9ration de la parole, le pouvoir de r\u00e9silience, l\u2019importance du partage de t\u00e9moignages, l\u2019adelphit\u00e9 comme moteur de transformation, le requestionnement de la masculinit\u00e9, l\u2019\u00e9galit\u00e9 homme-femme, l\u2019aide et soutien \u00e0 la parentalit\u00e9, la justice r\u00e9paratrice,&#8230;<\/p>\n<p style=\"font-weight: 400;\">&nbsp;<\/p>\n<h4 style=\"font-weight: 400;\"><strong>Exemple d&#39;actions&nbsp;propos\u00e9es :<\/strong><\/h4>\n<ul>\n<li>R\u00e9p\u00e9titions publiques<\/li>\n<li>Temps d\u2019\u00e9change autour du spectacle et ses th\u00e9matiques<\/li>\n<li>Ateliers th\u00e9\u00e2tre&nbsp;<\/li>\n<li>M\u00e9diations \u00e9criture \/ expressions artistiques autour des th\u00e9matiques<\/li>\n<li>Rencontres scolaires (+14 ans)<\/li>\n<\/ul><\/div><\/div><\/div><\/div><\/div><\/div><div id=\"\" class=\"module col-12 module-id-1750457790094\" data-module-col=\"12\"><div class=\"module-inside divide-inside\" style=\"--top-mod: 60px;--bottom-mod: 0px;--top-mod-t: 60px;--bottom-mod-t: 0px;--top-mod-m:30px;--bottom-mod-m:0px;\" ><div class=\"sea-divide divide-line ux-mod-nobg\" ><\/div><\/div><\/div><div id=\"\" class=\"module col-12 module-id-1750457874585\" data-module-col=\"12\"><div class=\"module-inside text-inside\" style=\"--top-mod: 40px;--bottom-mod: 0px;--top-mod-t: 40px;--bottom-mod-t: 0px;--top-mod-m:20px;--bottom-mod-m:0px;\" ><div class=\"text_block_out\"  data-effect=\"standard\" style=\"\"><div class=\"text_block ux-mod-nobg\"><div class=\"text_block_inn\"><div id=\"text-1750457874585\" class=\"text_block_centered text_block_centered_enable_width\"  style=\"\"><h4 style=\"font-weight: 400;\"><strong>Actuellement<\/strong><\/h4>\n<div>&nbsp;<\/div>\n<p>Depuis la rentre\u0301e 2025, en collaboration avec l\u2019<strong>ADIJ 22<\/strong> (Co\u0302tes d\u2019Armor), nous co-animons des ateliers aupre\u0300s de jeunes et d\u2019adultes, autour de la pre\u0301vention des violences sexistes et sexuelles. Ces publics ont \u00e9galement \u00e9t\u00e9 invit\u00e9s \u00e0 la premi\u00e8re \u00e0 <strong>Bleu Pluriel<\/strong>. Les actions culturelles seront prolong\u00e9es en 2026.<b><\/b><\/p>\n<p style=\"font-weight: 400;\">&nbsp;<\/p>\n<p style=\"font-weight: 400;\">Public : Jeunes \u00e0 partir de 14 ans.<\/p>\n<p style=\"font-weight: 400;\">Avec : Adeline Messiaen<\/p><\/div><\/div><\/div><\/div><\/div><\/div><\/div>","protected":false},"excerpt":{"rendered":"<p>Pour que les r\u00e9flexions que nos cr\u00e9ations abordent puissent r\u00e9sonner, &hellip;<\/p>\n","protected":false},"author":1,"featured_media":0,"parent":0,"menu_order":0,"comment_status":"closed","ping_status":"closed","template":"","meta":{"footnotes":""},"class_list":["post-118","page","type-page","status-publish","hentry"],"_links":{"self":[{"href":"https:\/\/lacompagnieafacettes.fr\/index.php\/wp-json\/wp\/v2\/pages\/118","targetHints":{"allow":["GET"]}}],"collection":[{"href":"https:\/\/lacompagnieafacettes.fr\/index.php\/wp-json\/wp\/v2\/pages"}],"about":[{"href":"https:\/\/lacompagnieafacettes.fr\/index.php\/wp-json\/wp\/v2\/types\/page"}],"author":[{"embeddable":true,"href":"https:\/\/lacompagnieafacettes.fr\/index.php\/wp-json\/wp\/v2\/users\/1"}],"replies":[{"embeddable":true,"href":"https:\/\/lacompagnieafacettes.fr\/index.php\/wp-json\/wp\/v2\/comments?post=118"}],"version-history":[{"count":41,"href":"https:\/\/lacompagnieafacettes.fr\/index.php\/wp-json\/wp\/v2\/pages\/118\/revisions"}],"predecessor-version":[{"id":709,"href":"https:\/\/lacompagnieafacettes.fr\/index.php\/wp-json\/wp\/v2\/pages\/118\/revisions\/709"}],"wp:attachment":[{"href":"https:\/\/lacompagnieafacettes.fr\/index.php\/wp-json\/wp\/v2\/media?parent=118"}],"curies":[{"name":"wp","href":"https:\/\/api.w.org\/{rel}","templated":true}]}}